actors of -5 - 1321*k/(-6)*-2?
2, 7, 47
Let w be (6562/(-6))/(0 + 4/(-12)). Suppose 0 = -3*n + 4561 + w. Suppose -9*a = 679 - n. What are the prime factors of a?
5, 43
Let x = -2436 + 10013. List the prime factors of x.
7577
Let n = 24 + -20. Let t = 11 - 9. Suppose 2*f + 5*m = 55, -t*m - 2*m = n*f - 104. List the prime factors of f.
5
Let d be 45/(-18)*18/(-15). Suppose -3*m - 3*l + 15 = 0, 0 = -d*l - 3 - 0. Suppose m*f - 2*f = 96. What are the prime factors of f?
2, 3
Suppose 0 = f - 3*r - 3004, 0 = 2*f - 5*f + 3*r + 8988. What are the prime factors of ((-10)/8)/((-22)/f)?
2, 5, 17
Let w = 9818 + -5504. List the prime factors of w.
2, 3, 719
Let p(q) = 2169*q - 1174. What are the prime factors of p(13)?
61, 443
Suppose 111*h - 1845525 - 74235 = -9*h. What are the prime factors of h?
2, 19, 421
Suppose 4*q = -f + 2*q - 6, 5*f + 4*q = 0. Suppose 2*j - 4*o - 296 = 0, f*j - 5*o - 443 = 161. What are the prime factors of j?
2, 3, 13
What are the prime factors of (((-81)/90)/(24/100))/(2/(-4512))?
2, 3, 5, 47
Let l(n) = 62*n - 2 - 30 + 12. What are the prime factors of l(6)?
2, 11
Let q be 16/48 + (-7)/3 - 103. Let a = q - -193. Suppose -a = -5*f + 4*f. What are the prime factors of f?
2, 11
Suppose 0 = 3*s + 15, -s + 50962 = 7*t - 38045. List the prime factors of t.
2, 11, 17
What are the prime factors of (20 + -27)*60426/(-63)?
2, 3, 373
Suppose -283*c + 131*c + 137*c = -346710. What are the prime factors of c?
2, 7, 13, 127
Let r be -27*1*(4 + (-92)/3). Let p = 1067 - r. List the prime factors of p.
347
Let j(p) = -p**2 - 31*p - 102. Let f be j(-29). Suppose 50 - 219 = -b. Let s = f + b. List the prime factors of s.
5
Let c(p) = 85*p**2 - 41*p + 15. Let u(y) = 85*y**2 - 40*y + 13. Let v(l) = -5*c(l) + 6*u(l). What are the prime factors of v(-4)?
3, 167
Let f(a) = -5*a**3 - 57*a**2 - 76*a + 250. Let u(y) = y**3 + 14*y**2 + 19*y - 62. Let l(g) = -2*f(g) - 9*u(g). List the prime factors of l(15).
2, 7
What are the prime factors of 115/(-2)*(-929 - 5)/(55/22)?
2, 23, 467
Let t = -12370 - -19840. Suppose -t = 8*a - 18*a. What are the prime factors of a?
3, 83
Let v(w) = 11*w - 12. Let o = 91 - 99. Let s be (-1)/(((-28)/o)/(-7)). List the prime factors of v(s).
2, 5
Suppose 5*u = -z + 1193 + 33887, 0 = 3*u + 11*z - 21100. List the prime factors of u.
5, 23, 61
Suppose 25713 + 44755 = 39*l + 658. List the prime factors of l.
2, 5, 179
Let o(r) = r**2 - 21*r + 110. Let y be o(8). Suppose -3*k - 1570 = -t, -4*k = y*t - 8*t + 3146. List the prime factors of t.
1579
Let y = -99 - -52. Let z = y + 45. List the prime factors of ((-13)/13)/(z*(-1)/(-226)).
113
Suppose c + 4 = 0, -4*c - 20596 = -y - 4*y. Suppose 13*u - u - y = 0. What are the prime factors of u?
7
Suppose 8*t - 6 = -2*v + 7*t, 0 = -5*t - 10. Suppose -v*k + 4*l - 499 = -5*k, 4*k + 4*l - 2020 = 0. What are the prime factors of k?
3, 13
Let m = -59 - -120. Let v = 280 + -292. What are the prime factors of (m - -1) + 8 + v?
2, 29
Suppose -3*o + 5*q + 4675 = -1004, -5679 = -3*o + 2*q. What are the prime factors of o?
3, 631
Let o(c) = -c**2 - 13*c + 2. Let d be o(-12). Suppose -41*y + 11826 = -d*y. List the prime factors of y.
2, 3, 73
Let f = -445 + 412. What are the prime factors of (4101/f)/((-3)/33)?
1367
Let f(p) = p**3 + 61*p**2 + 14*p - 1017. List the prime factors of f(-52).
19, 29, 41
Let o(d) = 3*d - 11*d - d + d. Let w be o(-9). What are the prime factors of w + (-8)/2 - 3/3?
67
Suppose 5*t = 3*q - 361, 0 = -q + 3*t + 34 + 93. Let l = 569 + -378. Let o = l - q. What are the prime factors of o?
79
Suppose 4*z + 1939 = t, -470*z = 5*t - 475*z - 9605. What are the prime factors of t?
5, 383
Suppose -148*c + 127*c + 252 = 0. Suppose -34*q + 29*q + 3801 = -y, -3*y = -c. What are the prime factors of q?
761
Suppose 3*n = 13 - 4. Suppose 648 = n*a + a. Suppose -7*v + 3*v + 670 = -2*c, v = -5*c + a. What are the prime factors of v?
167
Let d be (((-48)/(-28))/(-3))/(2/(-7)). What are the prime factors of ((-1284)/18)/d*-6?
2, 107
Suppose -2*j - 2*s = -2572, 6400 = 5*j - 19*s + 14*s. List the prime factors of j.
1283
Let f(s) = -4*s - 2. Let o be f(-1). Suppose 0 = -6*k + o*k + 16, -b - 33 = -2*k. Let w = 63 + b. List the prime factors of w.
2, 19
Suppose -5*a = s - 22 + 4, 5*s + 4*a = 153. Suppose 0 = -s*g - 7546 + 25432. What are the prime factors of g?
2, 271
Let p = -38 + 30. Let b be 594/44*p/6. Let j = 27 + b. What are the prime factors of j?
3
Suppose 0 = -14*l + 45 - 31. List the prime factors of (-19 - -234) + l + -6.
2, 3, 5, 7
What are the prime factors of -2 + 478708/16 + (-465)/372?
2, 3, 277
Let r(o) = 72 - 84 + 101*o - 365*o. Suppose -5*k + k = 3*j - 11, 5*j = 3*k + 28. List the prime factors of r(k).
2, 3, 7
Suppose q = 5*i + 4*q - 7, q - 6 = 2*i. List the prime factors of i*-3*(-1570)/(-15).
2, 157
Let y(i) = -i**3 - 16*i**2 + 16*i - 15. Let z be y(-17). Suppose z*u - u = 3*p - 829, -2*p = u - 561. List the prime factors of p.
2, 139
Suppose 0 = -6*a + 2*a + 132. Let u(d) = 6*d + 63. Let p be u(-6). Let g = a + p. List the prime factors of g.
2, 3, 5
Let w be 2/(-1) + 188*-1. Let x be -278 - (-1 + 2) - -1. Let n = w - x. List the prime factors of n.
2, 11
Let a(s) = -136*s + 6803. Let y be a(50). Let k = -4 + 7. Suppose -y*n + g + 7 = -0, -n = k*g - 9. List the prime factors of n.
3
Let h = -2076 + 2125. Let c(w) = -w**2 - 6*w. Let d be c(-6). Suppose g + h - 246 = d. What are the prime factors of g?
197
Suppose 3*c - g = -2*c + 55, -g = -c + 7. Let m be (c/(-9) - -1)*(-1 + 4). List the prime factors of (m - (-6)/3)*122.
2, 61
Suppose 2*t + 2*z - 36 = 0, -115 = -5*t + 5*z - 25. Suppose 0 = t*w - 15*w - 435. What are the prime factors of w?
5, 29
Let d(v) = 4*v**2 - 37*v - 22. Let s be (-27)/((21/(-14))/1). List the prime factors of d(s).
2, 19
Let f be ((-5)/20)/((-1)/92). Let h = f + -24. What are the prime factors of 64 + (2 + -3)/h?
5, 13
Let z be 375*5/(15/9). Let o = z + 162. List the prime factors of o.
3, 11, 13
Suppose -2*g - 3*t + 0 - 22 = 0, -3*t = -2*g + 2. Let u(d) = 9*d**2 - 9*d + 5. List the prime factors of u(g).
5, 11
Suppose -3*i = 5*n - 2268, -2*i + n = 5*n - 1510. Suppose -4*d + 193 = i. Let h = 1 - d. List the prime factors of h.
11, 13
Let q(w) = 9 + 3*w + 19 - 11. Let u be q(-7). List the prime factors of ((-3)/1)/(-6) - 642/u.
7, 23
Suppose 2*l = 825 + 125. Let g = 679 - l. List the prime factors of g.
2, 3, 17
Let r(t) = t**2 - 36*t - 51. Let v be r(33). Let n = 118 - v. What are the prime factors of n?
2, 67
Suppose 6502*a - 6441*a - 477795 - 1805984 = 0. List the prime factors of a.
29, 1291
Suppose -2*c + 5*j + 3421 = 0, -4*j + 5664 = 5*c - 2905. Suppose -5*b + 4*i + c = 2*i, -1710 = -5*b + 5*i. What are the prime factors of b?
7
Let j(x) = -45*x - 29. Let u(r) be the third derivative of -11*r**4/12 - 7*r**3/3 + 4*r**2. Let n(o) = 4*j(o) - 9*u(o). What are the prime factors of n(7)?
2, 17
Let c(n) = n**3 + 11*n + 1. Suppose 2*l - 12*l = -60. Suppose 10*x - 20 = l*x. List the prime factors of c(x).
181
Suppose 0 = 5*c - 3*i - i - 124, -2*i = 2. Suppose 14*y = 9*y + 65. Suppose -c = y*x - 414. List the prime factors of x.
2, 3, 5
Let k(b) = b**2 + 9*b + 20. Let w be k(-4). Suppose w = 32*v - 29*v - 3318. What are the prime factors of v?
2, 7, 79
Let j = 140 - 86. Suppose -j + 48 = 3*u. List the prime factors of ((-2)/4)/(3/(-940 + u)).
157
Let d(z) = 35*z - 6. Let n = -8 + 23. Suppose 5*p + k - 5*k = n, 12 = 4*p - 5*k. What are the prime factors of d(p)?
3, 11
Let y = -441 - -492. Suppose 0 = -28*a + y*a - 22908. What are the prime factors of a?
2, 3, 83
Let c(s) = 81*s + 49. Let n be c(8). Let v = n - -18. List the prime factors of v.
5, 11, 13
Let c be (13/(-16)*4)/((-2)/(-8)). Let n = c + 52. Suppose 2*b = 5*b + s - 25, -s + n = 5*b. What are the prime factors of b?
7
Let y(r) = -4*r - 11. Let p(s) = -5*s - 12. Let f(j) = -3*p(j) + 2*y(j). List the prime factors of f(24).
2, 7, 13
Let f be (-37)/2 - (-2 + 15/10). Let w(i) = i**2 + 38. List the prime factors of w(f).
2, 181
Let m = 0 + 3. Let c be (0 + 5)*(162/18 + -8). Suppose -5*b + 10*b = -m*f + 401, -c*f + 10 = 0. List the prime factors of b.
79
Suppose -4*b + 1 = 5, 8 = -5*k - 3*b. Let r be k/(-11)*-2 - (-2972)/11. Suppose 2*m - 3*m + 82 = 3*s, 3*m = 3*s + r. What are the prime factors of m?
